y 124.
31
Let n(h) = -177*h - 4225. Calculate the remainder when n(-28) is divided by 53.
42
Let z(j) = -5*j - 97. Let o be z(-20). Suppose -3*k + 2*r - 33 = -6*k, 5*r = 2*k - o. Calculate the remainder when k is divided by 5.
4
Let g(t) = -2*t**3 + 60*t**2 + 3*t - 24. Let l be g(30). Suppose 44 = 2*q - p, 8*q + 2*p = 5*q + l. Calculate the remainder when 261 is divided by q.
19
Let j = -14895 + 18722. Calculate the remainder when j is divided by 7.
5
Suppose -163*v + 4*t = -166*v + 207, 3*v = 7*t + 174. Calculate the remainder when v is divided by (-440)/(-15)*3/2.
21
Let f = 20339 + -20189. What is the remainder when 1037 is divided by f?
137
Let l = -963 - -994. Calculate the remainder when 322 is divided by l.
12
Let l be 2/(-3) - 6/(-9). Suppose -k + 3*k - 128 = l. What is the remainder when k is divided by ((-58)/(-6) + -2)*(63/9 + -4)?
18
Suppose 85 + 11 = 2*d + 4*t, 93 = 2*d + t. Suppose 136 = d*y - 38*y. What is the remainder when 98 is divided by y?
13
Let p = 252599 + -252575. Let n(u) = 58*u - 1. Calculate the remainder when n(2) is divided by p.
19
Suppose -83*b - 95*b + 24240 = 62*b. What is the remainder when 443 is divided by b?
39
Suppose 13*t + 652 = -453. Let g = -58 - t. What is the remainder when 80 is divided by g?
26
Suppose 0 = -48*i - 4363 + 89635 - 1608. Calculate the remainder when 5232 is divided by i.
3
Let c(r) = -47*r**2 + 7*r**3 + 1 + 98*r**2 - 2*r**3 - 2*r - 52*r**2. What is the remainder when 209 is divided by c(2)?
11
Let p(y) = y**2 + 2*y + 6 + 0*y**2 + 0*y + 3*y. Suppose 0 = -11*j + 16*j - 75. Calculate the remainder when j is divided by p(-5).
3
Suppose 0 = -m - 7, 4*m + 263 = h - 210. Calculate the remainder when h is divided by 63.
4
Suppose 2660 = 18*b - 25*b. Let v = 395 + b. What is the remainder when 32 is divided by v?
2
Let f(x) = 2*x**3 - 8*x**2 - 2*x + 6. Let u be f(0). Calculate the remainder when 79 is divided by 80/u*6/4.
19
Let i = 9 + -9. Let t(p) = 2*p + 6. Let r be t(i). Suppose 54 = 4*v + r. What is the remainder when 58 is divided by v?
10
Suppose -411 - 564 = -9*i - 30*i. What is the remainder when 48 is divided by i?
23
Let l(d) = 21*d - 203. Calculate the remainder when 5948 is divided by l(13).
68
Let u(h) be the third derivative of -h**6/60 - 3*h**5/10 + 13*h**4/24 + 35*h**3/6 - 5*h**2 + 16. Calculate the remainder when u(-10) is divided by 4.
1
Let p = 213 - 208. Suppose 15 = p*b - 60. What is the remainder when 85 is divided by b?
10
Suppose -24963 = -108*n - 49*n. Calculate the remainder when n is divided by 49.
12
Let g(h) = 116*h - 4112. Calculate the remainder when g(43) is divided by 41.
15
Let f = 15 + -15. Suppose -5*s + 3*u + 203 = -35, f = 3*s + 4*u - 166. Suppose 0 = 3*b - b - s. What is the remainder when 148 is divided by b?
23
Let r(n) = 408*n + 1658. Calculate the remainder when 1038 is divided by r(-4).
24
Suppose 6 + 0 = -l + t, -5*l - 44 = 2*t. Let f be (1 - 70/8)/(2/l). Suppose 3*g = 2*i + 34, 10 = 3*g + 5*i - f. What is the remainder when 31 is divided by g?
7
Suppose 5*m = 15*m - 120. Suppose 0 = -m*p + 10*p + 116. Calculate the remainder when p is divided by 15.
13
Suppose 15*t - 104 = 13*t. Suppose 0 = 47*z - t*z - 1125. Let d = z - -392. Calculate the remainder when d is divided by 28.
27
Let x(u) = u**2 - 39*u - 1414. What is the remainder when x(101) is divided by 147?
144
Let g = -22 + 112. Let u = -1774 + 1736. Let o = g + u. Calculate the remainder when o is divided by 9.
7
Let t = -141 + 156. Let g(h) = h**3 - 3*h**2 + 2*h - 2. Let o be g(2). Calculate the remainder when (o + 38/(-3))*-3 is divided by t.
14
Let n be (-46826)/(-117) - (-2)/(-9). Suppose n = 23*u - 658. What is the remainder when 181 is divided by u?
43
Let t = -614 + 954. Let p(o) = -187*o - 542. What is the remainder when t is divided by p(-3)?
17
Suppose 267 = 5*q - 195 - 628. What is the remainder when 1341 is divided by q?
33
Suppose 3*n - 53 + 44 = 0. Suppose -82 = n*w - 142. What is the remainder when 49 is divided by w?
9
Let k = -5915 - -5928. Let q(j) = 3*j**2 + 3*j - 2*j - 4*j**2 + 7*j + 7. What is the remainder when q(6) is divided by k?
6
Let f(d) = 112*d**2 - 64*d + 62. Calculate the remainder when 3955 is divided by f(1).
105
Calculate the remainder when 246/410*(-2775)/(-9) is divided by 86.
13
Suppose 4*k + 3*z - 51 = 120, 3*k - 102 = 3*z. Calculate the remainder when 350 is divided by k.
38
Let s = -357 - -394. Calculate the remainder when 1611/15 + (-6)/15 is divided by s.
33
Let y(w) = 6*w - 7. Let r(u) be the first derivative of u**3/3 + 5*u**2/2 + 5*u + 33. What is the remainder when y(5) is divided by r(-5)?
3
Let a be 50/13 - 8/(-52). Let v(h) = a - 11*h - h**3 + 5*h + h + 6*h**2. What is the remainder when v(4) is divided by 6?
4
Suppose -3*j - 3*n - 4 = -1, 0 = 5*j + 4*n + 2. What is the remainder when (-10 + 8)/(1/j) - -53 is divided by 13?
10
Let r be (-135)/(-9)*42/10. Let o = r - 33. Let z(a) = 3*a**2 - 62*a + 433. Calculate the remainder when z(11) is divided by o.
24
Let u = -151 - -172. Let m = -532 - -375. Let f = -119 - m. What is the remainder when f is divided by u?
17
Suppose 100*h + 1039 - 7337 = 402. Calculate the remainder when 9110 is divided by h.
65
Let u = 569 - 560. Suppose 0 = 2*n - n - 2. Let z = n + u. What is the remainder when 29 is divided by z?
7
Let p(m) = 11*m - 136*m**2 + 63*m**2 + 45 + m**3 + 64*m**2. Calculate the remainder when p(7) is divided by 4.
0
Suppose 0 = 4*y - 241 + 85. Calculate the remainder when y is divided by 21.
18
Suppose -a - 3*a = -40. Suppose -7*g + 4*j = -9*g + 136, 0 = -g + 4*j + 62. What is the remainder when g/(1/(12/18)) is divided by a?
4
Suppose -14*c + 9*c = 5*x - 520, 4*x + 2*c = 406. What is the remainder when x is divided by 12?
3
Let q(r) = -r**2 - 9*r + 15. Let z be q(-10). Suppose -5*v = -2*x + 6, z*x + 5*v = 22 - 7. Calculate the remainder when 36 + -5 - (x - -1) is divided by 11.
5
Suppose -2*x = -2*f + 2*x + 16, 2*f + 3*x + 5 = 0. Let w(t) = 16*t**3 - 3*t**2 + 7*t - 2. Calculate the remainder when w(f) is divided by 66.
62
Suppose -123130 = -139*m - 15961. What is the remainder when m is divided by 94?
19
Suppose 3*z = 4*z + 4*o - 23, -5*z - 2*o = -25. Suppose 0 = -p - s - 4, p - s + z = -1. What is the remainder when 18 is divided by p - 0/1 - -11?
4
Suppose 2*p + 2*p + 244 = 0. Let l = p + 52. Let n(z) = 2*z**2 + 11*z + 1. What is the remainder when n(l) is divided by 23?
18
Suppose 4*s - 5*d = 55 + 2453, s - 614 = -2*d. Calculate the remainder when s is divided by 64.
46
Suppose 4*y = 2384 - 2020. Calculate the remainder when 1816 is divided by y.
87
Let b = -334 + 257. Calculate the remainder when 127 is divided by 9/(4 - b/(-21)).
19
Suppose 0 = 11*j - 7*j - 24. Suppose 489 = -j*m + 1767. Suppose 2*l + m = 5*l. Calculate the remainder when l is divided by 12.
11
Suppose 0 = 2*f - 5*h - 0*h - 343, f - 5*h = 194. Calculate the remainder when f is divided by 18.
5
Let y be 4*-2*((-2)/1 + 1). Suppose -4*z = -2*f - 2, -y*f + 5*z = -4*f + 7. What is the remainder when 99 is divided by (1134/(-15))/f - 6/30?
24
Suppose m + l = 86, 27*m - 28*m + 3*l = -106. Suppose -13*r - m = -559. Calculate the remainder when 161 is divided by r.
17
Let s(v) = 3*v**2 - 5*v - 317. Calculate the remainder when s(-12) is divided by 119.
56
Let n(p) = 1256*p - 757. What is the remainder when n(7) is divided by 141?
139
Let b(z) = 9*z**2 + 38*z + 63. Let l(d) = -5*d**2 - 20*d - 32. Let j(u) = 4*b(u) + 7*l(u). What is the remainder when j(-12) is divided by 20?
8
Let a = 648 + -620. Calculate the remainder when 238 is divided by a.
14
Let u = 3969 + -3836. Calculate the remainder when u is divided by 44.
1
Let h = 2 + 216. Calculate the remainder when h is divided by 23.
11
Let o(l) = -8*l + 40. Let n(s) = 5*s - 19. Let u(p) = 5*n(p) + 3*o(p). Calculate the remainder when 25 is divided by u(-13).
1
Let q(o) = o**2 + 4*o + 21. Let z be q(16). Let r = 609 - z. Let a = -130 + r. What is the remainder when a is divided by 28?
26
Suppose 73*d - 83727 = 69*d - 59*d. What is the remainder when d is divided by 274?
233
Suppose -95 = -x + 6*x. Let j = x - -20. Suppose -11*r - 15 = -26. Calculate the remainder when j is divided by r.
0
Let s(v) = 36*v - 64 + 33*v**2 - 10*v**2 - 189. Calculate the remainder when s(6) is div